 Let d be h(-6). What is the greatest common factor of d and 14?
14
Let w(d) = -332*d + 2018. Let y be w(6). Let o(j) = -20*j - 18*j + 2*j**2 + 4 - 12*j. Let i be o(y). What is the highest common factor of i and 8?
8
Let k(p) = p + 79. Let b be k(-23). Let m = 88 - 85. Suppose -m = 3*r + 5*i, 7 = 4*r - i + 4*i. What is the greatest common divisor of r and b?
4
Suppose 0 = 5*a + 3*p - 923, 10*p - 167 = -a + 5*p. Calculate the greatest common factor of 55 and a.
11
Suppose 1683 = -2*a + 5*a. Let d(x) = -x**2 + 102*x - 2450. Let c be d(44). Calculate the highest common divisor of a and c.
51
Suppose 2*a + 0*a = 8. Suppose a*v = 8*v. Suppose -x = -v*x - 28. Calculate the greatest common factor of x and 7.
7
Suppose 0 = 3*x + 4*g - 23322, -2*x + 5*g + 20908 = 5383. What is the greatest common factor of x and 840?
210
Let b(a) = a**2 + 5*a - 2. Let i = -308 + 292. Let p be b(i). What is the highest common divisor of p and 6?
6
Let m(k) = k**3 - 2*k + 200. Let s be m(0). Let d = 204 - s. Suppose 0 = -0*u - 3*u + 12. Calculate the highest common divisor of d and u.
4
Suppose 5*j + 46 - 16 = 0. Let h(r) be the first derivative of -r**2/2 + 5*r - 843. Let o be h(j). Calculate the greatest common divisor of o and 88.
11
Suppose 12*c - 225 = 231. Suppose 5*y + 28 + 52 = 0. Let m = c + y. What is the greatest common factor of m and 55?
11
Suppose -68 = -2*h - 4*l, 3*h + 2*l = 7*h - 86. Suppose 0 = o - 3*o + 2*z, 2*z = 6. Suppose 10 = o*a - 98. Calculate the highest common factor of h and a.
12
Let r(y) = -y**2 - 10*y + 27. Let n be r(-18). Let f = 208 + n. Let q = f - 90. What is the greatest common divisor of 8 and q?
1
Suppose 135915 = -6440*v + 6481*v. Calculate the highest common divisor of v and 30.
15
Let g = 614 - 598. What is the highest common divisor of g and 2456?
8
Suppose 41*k - 30*k - 1936 = 0. Suppose 10 + 31 = w. Let x = 85 - w. What is the greatest common factor of k and x?
44
Let q = 900 + -800. Calculate the greatest common factor of 1100 and q.
100
Let i(h) = h**3 - h**2 - h - 1. Let s(b) = 3*b**3 - 6*b**2 + 472. Let d(x) = -2*i(x) + s(x). Let w be d(0). What is the highest common factor of 6 and w?
6
Suppose -441*g + 168 = -444*g. Suppose 7*i - 3*z + 157 = 3*i, -4*i - 4*z - 164 = 0. Let t = i - g. What is the greatest common divisor of 4 and t?
4
Let a be ((-3)/(-2))/((-8)/(-7488)). Suppose -8*k + 1228 = -a. What is the highest common divisor of 141 and k?
47
Let y be (((-50)/15)/10)/(1/(-6)). Suppose 2 = 3*r + y. Suppose -x = -r*f - 4*f - 11, 1 = -f. What is the highest common divisor of x and 21?
7
Let u be 40*(-2)/3*(-1302)/56. Let i(v) = 7*v - 22. Let j be i(12). What is the highest common divisor of u and j?
62
Let g = -301 + 10. Let p = 313 + g. What is the highest common divisor of p and 44?
22
Suppose 3*d = d + 24. Let x be (-90)/(-4)*3*60/27. Let s = x - 18. Calculate the greatest common divisor of s and d.
12
Let g be (-112)/(-8)*3546/360 + 1/10. What is the highest common divisor of g and 184?
46
Let p(j) = -j**2 + 17*j - 42. Let h be 14/35 - ((-388)/5 - -1). Suppose h = 11*k - 55. Let l be p(k). What is the highest common factor of 162 and l?
18
Suppose -192 = -0*n - 4*n. Suppose -p = -27 - 93. Let j be ((-54)/(-45))/(2/p). What is the highest common factor of j and n?
24
Let o be (-2 + 0)*-4*2. Suppose 65*l - 5 = 60*l. Let d be l - 84/4*-3. What is the highest common factor of d and o?
16
Let z(q) = 18*q**2 + q - 9. Let f be z(3). Let i be (0 + -1)/(623/104 - 6). What is the greatest common divisor of f and i?
52
Let z = 13 - 10. Suppose y = -3*y - 5*b + 34, -z*y + 16 = -b. Let h(q) = -q**2 + 8*q + 3. Let d be h(y). What is the greatest common divisor of 135 and d?
15
Let k(l) = l**3 - 11*l**2 - 35*l - 72. Let s be k(14). What is the highest common factor of s and 715?
13
Let g(t) = 341*t**2 - 719*t - 5. Let n be g(5). What is the greatest common factor of n and 25?
25
Suppose 2*x + 9*s = 6*s + 27, -s - 11 = -x. Suppose -3*d = d - x, 5*i - 503 = -d. What is the highest common divisor of 40 and i?
20
Suppose 3*r + 370 = 4*x, -4*r + 1 = 25. What is the greatest common factor of 4532 and x?
44
Let y(f) = -f**2 - 57*f + 396. Let s be y(-48). What is the greatest common factor of 72 and s?
36
Let j be (1 + -5)*4290/(-260). Suppose 54 + 56 = z. What is the highest common divisor of z and j?
22
Suppose -196*h - 10*h + 11400 = -6*h. What is the greatest common divisor of 2375 and h?
19
Let n(o) = -o + 27. Let v(j) = -j**2 - j - 7. Let c be v(0). Let z be 21/2 - (7/2)/c. Let q be n(z). Calculate the highest common factor of 16 and q.
16
Let s = 3 - -12. Let o(r) = r**3 + 11*r**2 + 9*r - 1. Let x be o(-10). Suppose -3*v = -171 - x. What is the greatest common factor of v and s?
15
Let y(k) = k**2 - 1701*k - 13654. Let j be y(-8). Let r be (2 - (-1 + 1)) + 75. Suppose 3*z - r = 31. What is the highest common divisor of j and z?
18
Let q be 1/(-2) + 5698/44. Let p = q - 128. Let y be 2/((-1)/(-2)*p). Calculate the greatest common divisor of 72 and y.
4
Let h = 8 - 4. Let s be ((-2)/h)/(2/(-56))*1. Calculate the greatest common divisor of 266 and s.
14
Let j(q) = -2*q - 22. Let c be j(10). Let a = c + 46. Let y be -1*(15*a)/(-3). Calculate the highest common factor of 8 and y.
4
Suppose -1287 = 4*u - 7*u - 3*d, 5*u - 2148 = -2*d. Calculate the highest common factor of u and 20.
10
Let t be (-76)/(-18) + 4/(-18) - -23. Calculate the greatest common factor of 51651 and t.
27
Let b(t) = t**2 - 7*t - 35. Let q(v) = 7*v + 53. Let k be q(-6). Let y be b(k). What is the highest common divisor of 1 and y?
1
Suppose -v + 82 = -5*a, -4*a - 5*v - 55 = -1. Let p be a/(6/3 + -3). Let m be 1/1*(-10 + p). Calculate the greatest common divisor of 15 and m.
3
Let o be 7*(-6 - -4)/(-2). Suppose -9*l = -o*l - 2. Let y be ((-7)/4)/(3*l/(-24)). Calculate the greatest common divisor of 21 and y.
7
Suppose -5*w + 5*x = -15, 7 - 1 = 2*w - 3*x. Suppose -a = w*a - 52. What is the highest common factor of a and 1?
1
Let p(w) = 25*w + 1. Let q be p(7). Suppose 33*a = 5*a + 112. Let x be (a + -3)/(9/144). Calculate the highest common divisor of q and x.
16
Let c = 26 + -42. Let u = c - -17. Suppose 8 = 10*q - 2. Calculate the highest common factor of u and q.
1
Let r(j) = j**3 - 21*j**2 + 43*j - 159. Let a be r(21). Calculate the highest common divisor of a and 465.
93
Let k = 6119 - 5967. Calculate the greatest common divisor of k and 1387.
19
Suppose -13*v + 80 = 7*v. Let d = 111 - 111. Suppose d = s - v*s + 57. What is the highest common divisor of s and 133?
19
Let h be 24/15 + (-2254)/(-35). Calculate the highest common factor of 3234 and h.
66
Let w = -4824 + 12324. What is the highest common divisor of 200 and w?
100
Suppose 81*s = 390 + 582. Calculate the greatest common factor of s and 10.
2
Let n be (-339)/1*-6*20/90. Calculate the highest common divisor of 113 and n.
113
Let m(g) = g**2 + 6*g + 6. Let j be m(-6). Let a be 60/16*200/j. Let r(n) = 5*n + 5. Let h be r(4). Calculate the highest common factor of h and a.
25
Let k(x) = -x + 18. Let v = -12 - -14. Suppose -2*t = -v*f - 8, 2*t - t + 4 = -f. Let d be k(t). What is the highest common divisor of d and 36?
18
Suppose -4011 = 23*k - 41*k + 3009. Suppose -s - s + 100 = 4*i, 0 = -3*i - 15. Calculate the highest common factor of s and k.
30
Let x(b) = -2*b**2 - 44*b + 164. Let q be x(-25). Suppose 97 = -2*j + 435. Let f = 267 - j. What is the highest common factor of q and f?
14
Suppose 5*c - 320 = -0*c. Let m = 77 - c. Let p be (2 + -2 - 1) + m. Calculate the highest common divisor of p and 132.
12
Suppose 7*v + 3905 = 489. Let y = v - -492. Suppose c - 2 = -3*i, -i + 22 = -0*c + 3*c. What is the greatest common factor of c and y?
4
Let r be (1 - (-5 - -5))*(-21 + 823). Calculate the highest common factor of 16 and r.
2
Let c be 2 - (3 - -5) - -2. Let u be (c + 2)*(-15)/2. Let l = -666 - -711. Calculate the highest common divisor of l and u.
15
Let q = -4568 + 4680. What is the greatest common divisor of q and 742?
14
Suppose -n - 30 = -5*h - 4*n, 3*h + n = 18. Let c be (59 - 1) + -1 + 18/h. Suppose c + 25 = 5*q. Calculate the highest common factor of q and 51.
17
Suppose 0 = -16*n + 97761 - 18305. What is the greatest common divisor of n and 26?
26
Let m = 4 - -2. Suppose 2*a + 12 = m*a. Let g b